nder when 130 is divided by b(q).
31
Suppose -4*k + 4*f = 0, 7*k + 4*f - 24 = 3*k. Suppose -65 = k*h - 8*h. Let v(l) = 51*l**2 - 21*l + 21. What is the remainder when v(1) is divided by h?
12
Let m = 902 - 869. What is the remainder when 725 is divided by m?
32
Suppose -322 = 7*j - 2*j + 4*p, -j = -5*p + 76. Let i(t) = 19*t**2 + 3*t + 2. Calculate the remainder when i(-1) is divided by 82/12 + (-11)/j.
4
Let q = -2908 - -2943. What is the remainder when q is divided by 12?
11
Let q(k) = k**2 - 7*k + 9. Let w be q(9). Let h = -7 + -4. Let p = w + h. What is the remainder when 63 is divided by p?
15
Suppose -i - 735 = 5*s + 1180, -i - 5 = 0. What is the remainder when s/(-12) - (-7)/42 is divided by 19?
13
Let r be (-10)/(-35) - (-1264)/(-14). Calculate the remainder when 5/(-10) - r/4 is divided by 6.
4
Suppose -84*r + 83*r + 54 = 0. Suppose r = -10*b + 12*b. Calculate the remainder when b is divided by 14.
13
Let p(z) = 2*z**2 + 33*z - 26. Let a be p(-18). Suppose 36*u - 40*u + a = 0. Suppose 4*i = 3*i + 27. What is the remainder when i is divided by u?
6
Let t(z) = -z**2 - 6*z + 3. Suppose -25 = -3*g - 1. Suppose y - 3 = -g. What is the remainder when 29 is divided by t(y)?
5
Suppose 4*m - 4 = 4. Suppose 0*p - b + 1 = 2*p, -b - 7 = -m*p. Suppose p*f - 41 - 7 = 0. Calculate the remainder when 71 is divided by f.
23
Let g(j) = -12*j - 122. Suppose 0 = -9*o + 6*o + 258. What is the remainder when o is divided by g(-12)?
20
Let z = -355 + 381. Let s(w) = w**3 - 3*w**2 - 7*w - 1. What is the remainder when z is divided by s(5)?
12
Suppose 0 = -4*h - 5*t + 172, 2*h - 6*t - 60 = -2*t. What is the remainder when h is divided by 18?
2
Let i be 7/(308/184) - 2/11. Suppose -4*g = -2*v - 0*v - 46, 0 = -3*g + i*v + 42. Calculate the remainder when g is divided by 3.
1
Suppose -4*k + 38 - 10 = 0. Suppose -w = -k + 4. Calculate the remainder when 5 is divided by w.
2
What is the remainder when -7 + 4104/95 - (-2)/(-10) is divided by 14?
8
Suppose -3*z + i = -33 + 86, 0 = -2*z + 3*i - 47. Let h = 9 + z. Let g(p) = -p**2 - 9*p - 8. What is the remainder when 9 is divided by g(h)?
3
Suppose -8*l + 207 = -337. Calculate the remainder when l is divided by 18.
14
Let b = -241 - -247. What is the remainder when 65 is divided by b?
5
Let b = 85 - 78. What is the remainder when 55 is divided by b?
6
Suppose -2*u + 9 + 1 = 0. Let n(p) = -p + 4. Let f be n(4). Suppose -2*v - 5*b + 14 = -f*b, v = 4*b + 20. What is the remainder when v is divided by u?
2
Let j = -126 + 332. Calculate the remainder when j is divided by 52.
50
Suppose 110 - 176 = -11*s. What is the remainder when 19 is divided by s?
1
Let k = 87 - 334. Calculate the remainder when 40/7 + -6 - k/7 is divided by 14.
7
Suppose 5*o + 2*q = -q + 22, 0 = -5*o - 5*q + 30. Suppose -o*d + r + 18 = 0, 2 = -3*r - 10. Calculate the remainder when 11 is divided by d.
4
Suppose -17 = -5*n + 8. Suppose -u + p + 18 + 22 = 0, 3*u - n*p = 118. Let l = -13 + u. Calculate the remainder when l is divided by 10.
8
Let i(h) be the first derivative of -7*h**2/2 - h - 4. Suppose -2*q = 7 - 41. Calculate the remainder when q is divided by i(-1).
5
Suppose -20*m + 10303 = -2537. What is the remainder when m is divided by 17?
13
Suppose 10*b = 47 + 33. Calculate the remainder when 35 is divided by b.
3
Let l = -168 + 353. What is the remainder when l is divided by 94?
91
Suppose -3*p = 2*p - 2*d + 167, 4*d + 128 = -4*p. Let v = 66 + p. What is the remainder when ((-129)/(-9))/((-1)/(-9)) is divided by v?
30
Let v = -20 + 83. Suppose -v = -i - 2*i. Calculate the remainder when i is divided by 12.
9
Let c(z) = z**2 + z - 1. Let n(t) = t**3 + 10*t**2 + 5*t - 10. Let f(j) = -6*c(j) + n(j). What is the remainder when 25 is divided by f(-3)?
1
Suppose -13 = -4*l - 1. Suppose -3*b = -s + 10, -l*s + 3*b + 14 = -s. Let v(z) = z**3 + 6*z**2 + 3*z + 4. Calculate the remainder when v(-5) is divided by s.
2
Suppose 0 = -3*a + 3*j + 7 + 74, 5*a + 2*j - 149 = 0. Let o = 10 - 6. Suppose -o*b + 38 = 3*z - 2*z, -z = 2. Calculate the remainder when a is divided by b.
9
Let q = -9 - -53. What is the remainder when q is divided by 13?
5
Suppose 5*t - 1130 = -4*y, 5*t + 5*y - 362 = 773. Suppose -22 = 8*u - t. Calculate the remainder when 71 is divided by u.
21
Suppose 2*c - 6*c = 2*g - 6, -4*g - 6 = -c. Let f = c + -1. What is the remainder when f is divided by 1*((-3)/6)/((-1)/2)?
0
Suppose r + 8*x = 13*x + 99, -3*r + 240 = 4*x. Calculate the remainder when 241 is divided by r.
73
Suppose 450 = 8*d + 2*d. Calculate the remainder when -3*5/d - 86/(-6) is divided by 10.
4
Let r = -1 - -1. Suppose -c + 95 = -r*y + 4*y, 3*y - 76 = 4*c. Calculate the remainder when 71 is divided by y.
23
Let u(h) = 2*h**3 - 97*h**2 - 46*h + 11. Let x(r) = 40*r**3 + r**2 - r. What is the remainder when u(49) is divided by x(1)?
38
Let w(a) = 22*a**2 - 8*a + 4. Let k = 27 - 23. Calculate the remainder when w(k) is divided by 25.
24
Suppose 50 = -3*d + 83. What is the remainder when d is divided by 5?
1
Let f(y) = 4*y**3 + 82*y**2 + 38*y - 5. Calculate the remainder when 91 is divided by f(-20).
21
Let n(f) = -2*f**2 + f + 3*f**3 - 2 + 2*f + f**2 - 6*f**3. What is the remainder when n(-3) is divided by 13?
9
Let c(j) = 5*j + 31. Let z be c(6). Suppose z*i = 65*i - 284. What is the remainder when i is divided by 37?
34
Let z(p) = -p**3 + 5*p**2 + 2*p. Let h(n) = -197*n**2 - 14 - n**3 + 17*n - 205*n**2 + 618*n**2 - 204*n**2. What is the remainder when h(13) is divided by z(5)?
8
Let k(q) = -q**3 - 20*q**2 + 14*q - 44. Calculate the remainder when 209 is divided by k(-21).
3
Let n be (-1 - -1)/(13 - 15) + 0. Suppose 5*j - 2*v - 120 = n, -3*v + v = -j + 16. What is the remainder when j is divided by 10?
6
Suppose 5*w = 0, 4*u - 44 = -w + 40. What is the remainder when u is divided by 17?
4
Let o = 63 + -14. Let y = 1 - -12. Calculate the remainder when o is divided by y.
10
Let z = 1 - -27. Suppose 5*g + 58 = 6*g - 2*n, 0 = 3*g - 2*n - 166. What is the remainder when g is divided by z?
26
Suppose -3*s = -5*v + 10*v - 308, -20 = 5*s. Suppose -4*l + 0 = -88. Calculate the remainder when v is divided by l.
20
Let u(p) = 4*p**3 - 2*p**2 + 2*p + 2. Let c be 4 - (3 - -1 - 2). Calculate the remainder when u(c) is divided by 8.
6
Let u be 2/11 + 3028/44. Suppose 213 = 4*q + 5*x, -3*q - 2*x + u = -96. What is the remainder when q is divided by 12?
9
What is the remainder when (42/9 + -3)/(3/45) is divided by 5?
0
Let v = 461 + -293. Suppose 7*i - v - 259 = 0. What is the remainder when i is divided by 9?
7
Let w(f) = 3*f**2 + 26*f - 104. Calculate the remainder when 1660 is divided by w(-12).
12
Let w(m) = m + 6. Let v(n) = n**2 - 9*n - 10. Let s be v(10). Suppose 2*o + 5*q = -4, -4*q = 3*o - s*o - 1. What is the remainder when w(5) is divided by o?
2
Let t be 20/24*-4*(-459)/15. Let b = -86 + t. What is the remainder when b is divided by 5?
1
Suppose 2*o - 3 = -1. Let s = 13 - o. Suppose 0 = 2*q - 5*q + s. Calculate the remainder when 15 is divided by q.
3
Suppose -201 = -24*l + 303. What is the remainder when l is divided by (4/(-5))/((-6)/60)?
5
Let b = 34 - 7. Calculate the remainder when 33 is divided by b.
6
Suppose 0 = 3*c - 32 - 13. Let a(k) = -k**2 + 17*k - 14. Let w = -15 + 62. What is the remainder when w is divided by a(c)?
15
Suppose 21 = -5*b - 129. Let u(o) = 2*o**2 + 8*o + 16. Let z be u(-7). Let n = b + z. Calculate the remainder when n is divided by 15.
13
Suppose 1 = o + 5. Calculate the remainder when o/(-1) - 27/(-3) is divided by 5.
3
Let i(b) = -b - 1. Suppose 0 = 5*s - 3*g + 5*g - 2, 4*s + 4*g + 8 = 0. Suppose -s*q = -q - 36. What is the remainder when q is divided by i(-14)?
10
Let z(t) = t + 0*t + 3*t**2 + 3 + t + 4*t. Let n(j) = -2*j**2 - 7*j - 4. Let i(b) = -4*n(b) - 3*z(b). Calculate the remainder when 61 is divided by i(9).
13
Calculate the remainder when 108 is divided by (-37)/2*(-7 + 10 + -5).
34
Let k = 168 + -106. Suppose -7*s + k - 34 = 0. What is the remainder when 8 is divided by s?
0
Let s(q) = -q**2 + 12*q - 11. Let o be s(7). Let b be 7*(o/7)/6. Suppose -b*l - 108 = -10*l. What is the remainder when 51 is divided by l?
15
Suppose -1408 = -3*t - 5*s, -4*t + 1735 + 127 = -s. What is the remainder when t is divided by 67?
64
Let f = -214 + 267. Cal